 - 4*b - 4557 = -5*a, -5*a + 4571 = 3*b. Calculate the highest common divisor of 176 and a.
11
Suppose 3*v + 5*l + 199 = 0, 3*l = l - 4. Let m(q) = q**3 + 54*q**2 + 46*q - 281. Let o be m(-53). Let h = o + v. What is the highest common divisor of h and 3?
3
Suppose 3*p - 5*l = 9, -4*l + 3*l + 3 = 0. Let w(c) = c**2 - 7*c + 7. Let m be w(5). Let q be ((-1)/4)/(m/12). Calculate the greatest common factor of p and q.
1
Let b be (-20)/(-12)*(-147)/(-7). Let w be -5 + 7/(b/45). Let r be -3 + -1*(0 - w). What is the greatest common divisor of 7 and r?
1
Let f(o) = -o**3 - 5*o**2 - 5*o - 1. Let y be f(-4). Suppose 0 = -6*s + y*s - 4*g + 140, -4*s + 2*g = -216. What is the greatest common factor of s and 182?
26
Let t be (-34)/(-153) - (2 - (-374)/(-18)). Suppose 9*f - 10*f + t = 0. Let b = f - -21. What is the greatest common divisor of 5 and b?
5
Suppose -7*o - 524 + 678 = 0. Calculate the highest common factor of o and 1551.
11
Suppose 6*j + 174 = 438. Let f = 5 + -1. Let y(p) = -p**2 + 6*p - 4. Let l be y(f). Calculate the greatest common factor of l and j.
4
Let m be (9 + -21 + 21)/(2/6). What is the highest common divisor of m and 1089?
9
Let j = 5182 - 5155. Calculate the greatest common factor of 5373 and j.
27
Suppose 8*g - 7*g + 5*t = 279, -3*g = -t - 885. Suppose 11*m - 5299 + g = 0. Calculate the highest common divisor of 364 and m.
91
Suppose -13*n + 4 = -11*n. Suppose 0*w = -w - 2*j + 3, n*j = 0. Let u be 2*1/(-6) - (-7)/w. What is the highest common factor of u and 16?
2
Let g(t) = -64*t - 12. Let j be g(-3). Suppose 0 = 3*y - 192 - j. Suppose y = 2*s + 2*s. What is the greatest common factor of s and 279?
31
Let i(z) = -4*z + 24. Let m be i(-10). Let a(v) = v**2 - 4*v + 3. Let p be a(-3). What is the greatest common factor of m and p?
8
Let q = 7998 - 7877. What is the greatest common divisor of q and 8107?
121
Let y(d) = 4*d**2 - 52. Let g be y(6). Calculate the greatest common factor of 23092 and g.
92
Let g be (-1)/2*(40 + 1 - -1). Let w be (8/(-6)*47)/(7/g). Suppose 2*l = -2*q - 2*l + w, 0 = 3*l - 6. Calculate the highest common divisor of q and 18.
18
Let b(d) be the first derivative of 4*d**3/3 + 23*d**2 - 21*d - 118. Let f be b(8). What is the highest common factor of 67 and f?
67
Let s be 2/8 + (-159)/(-4). Let v(z) = z**2 + 16*z - 139. Let l be v(-28). Let p = l - 157. What is the highest common divisor of s and p?
40
Let p = -3 + -10. Let l(y) = 3*y**2 + 20*y + 17. Let m be l(p). What is the highest common divisor of m and 88?
88
Let p = 2601 - 2578. Let m(g) = 4*g**2. Let q be m(-1). Let b(v) = 6*v**2 + 4*v + 3. Let c be b(q). What is the greatest common divisor of c and p?
23
Let y = -3310 - -9668. What is the highest common divisor of y and 22?
22
Suppose -19*w + 17577 = 2*w. Calculate the highest common divisor of 93 and w.
93
Let q(n) be the first derivative of n**4/4 - 4*n**3/3 + 8*n**2 + 6*n + 112. Let h be q(4). Calculate the highest common divisor of h and 35.
35
Suppose 0*j + 49 = 3*j - 4*a, -5*a = 4*j - 24. Let t be ((-682)/(-93))/(2/51). What is the highest common divisor of j and t?
11
Suppose -15 = -c - 19*h + 22*h, 2*c = 3*h + 42. What is the greatest common factor of c and 6129?
27
Let p(y) = y**3 - 49*y + 30*y**2 + 45*y + 31*y - 49. Let b be p(-29). Suppose 2*v = -2 + 8. Calculate the highest common divisor of v and b.
3
Let v = 20038 - 17618. Calculate the highest common factor of v and 1089.
121
Let y(u) = u**3 + u**2 + 4*u. Let n be y(0). Suppose i + 2*i - v - 93 = n, -i - 2*v + 24 = 0. What is the highest common factor of i and 150?
30
Let u(y) = -29*y - 98. Let x be u(-4). Suppose -2*p = 2*v - 60, 19*p = x*p + 3*v + 30. What is the greatest common divisor of p and 110?
10
Let h be (-2 + 49)*-7*(-114)/7. Calculate the highest common factor of h and 19.
19
Suppose -14872 = -9799*a + 9773*a. What is the greatest common factor of 52 and a?
52
Suppose r - 11 = -5*w + 3*w, 5*w + 77 = 3*r. Suppose 7*t = 3*t + 228. What is the highest common divisor of t and r?
19
Suppose -1275 = 27*l - 52*l. What is the highest common factor of 1088 and l?
17
Let c(n) be the first derivative of -44*n - 3/2*n**2 - 1. Let m be c(-18). Calculate the greatest common factor of 130 and m.
10
Let y = 6467 - 5997. Suppose -16 = -0*h - 4*h. Suppose y = h*f + f. What is the greatest common factor of 47 and f?
47
Suppose 4*y - 52 = 5*g - g, 0 = y + 4*g + 12. Suppose -2*a + 1620 = y*a. Let v be a/15 + 3/15. What is the highest common divisor of 11 and v?
11
Let o(j) = 8*j - 35. Let c be o(5). Suppose 0 = -4*y + c*t + 237 - 3, -178 = -3*y + 5*t. Calculate the greatest common factor of 56 and y.
56
Let i be -4*(-2 - 2/(-8)). Let n(s) = 7*s - 3. Let h be n(i). Let d be (21/(168/128) + -11)*69/5. What is the greatest common factor of d and h?
23
Let j(o) = 2*o - 9. Suppose -4*f - f + 56 = -4*t, 4*t = -3*f - 24. Let q be j(t). Let m = 31 + q. Calculate the greatest common divisor of 8 and m.
4
Suppose 8*f = 1337 + 303. Calculate the highest common factor of f and 164.
41
Let u be (-2)/(-4) + 10*(-7)/(-28). Suppose 4*x = -u*j + 71, 3*j + x - 39 = 26. Calculate the highest common divisor of j and 28.
7
Let d = -235 - -103. Let y = d + 252. What is the highest common divisor of y and 45?
15
Let s(w) = w**2 + 171*w - 1178. Let a be s(7). Calculate the greatest common divisor of 256 and a.
4
Let q = 6253 + -3094. What is the greatest common divisor of 54 and q?
27
Suppose -3*f + 16 = 4*c - 3, -3*c + 13 = 2*f. Suppose 114 - 436 = -f*o + 4*a, o + 5*a - 76 = 0. What is the greatest common factor of o and 110?
22
Suppose 3*i - 2844 = -m, -2*i - 10089 - 1343 = -4*m. What is the highest common factor of m and 306?
102
Let r be 11 - (-19 + -851)*2. Calculate the greatest common factor of 136 and r.
17
Suppose -3*w + 1010 = 5*y, y + 4*w = 2*w + 195. Let d = -157 + y. What is the highest common divisor of d and 144?
48
Let l be (-9324)/(-189) - 4/12*-5. Calculate the greatest common divisor of l and 442.
17
Let c be 71 + -1 + 56/16*-2. What is the highest common factor of c and 2751?
21
Suppose 0 = 4*n, -4*v + 2*n + 273 = -263. Let h = v - 132. Let i be (-13)/(h/4*(-2)/1). What is the greatest common divisor of i and 39?
13
Let g be (108/(-9) + -76)*-22. Calculate the highest common divisor of g and 352.
176
Suppose -2*d = -4*o - 44, 3*d = 4*d + 4*o + 8. Suppose -d*w + 19*w = 1204. What is the highest common factor of 43 and w?
43
Suppose -230*k + 124573 = -2157. What is the highest common divisor of 817 and k?
19
Suppose -1842 - 1296 = -x + 4*s, -6*s - 12512 = -4*x. Calculate the greatest common divisor of 98 and x.
14
Let k(b) = -11*b**2 - 41*b - 68. Let l(p) = -7*p**2 - 27*p - 44. Let w(h) = -5*k(h) + 8*l(h). Let d be w(-9). What is the highest common divisor of 114 and d?
6
Suppose 4*u = 439 + 249. Let t = -148 + u. Let d = -16 - -22. Calculate the greatest common divisor of d and t.
6
Let h(k) be the first derivative of -k**4/2 - 26*k**3/3 - 4*k**2 + 41*k - 228. Let o be h(-13). What is the highest common factor of o and 29?
29
Let k(y) = -5*y - 7. Let x be k(-6). Let o = 27 - x. Suppose -q + 5*p + 17 = -136, -q + o*p + 151 = 0. What is the highest common divisor of q and 13?
13
Let x(i) = i**3 + 11*i**2 + 11*i - 3. Let a be x(-8). Suppose -o = -0*o, 4*g = 3*o - 236. Let q = g + a. What is the highest common divisor of q and 14?
14
Suppose -6*d + 3*k + 55 = -2*d, k - 3 = 0. Suppose -d*o = -14*o - 22. Suppose -4*l - l = -385. Calculate the highest common divisor of l and o.
11
Let a = 27 - 3. Suppose 63*b = 56*b + 1512. What is the highest common factor of b and a?
24
Suppose 2*o + 4*j = 36, 4*o - 3*j - j = 24. Let a be (-3232)/(-12) - (4 - 28/6). What is the highest common factor of a and o?
10
Suppose -s + 4*s = -4*c + 41, -c - 3*s = -17. Let v be 6/c*24/9. Suppose 3*r = 3*x - 4*x + 139, v*r = 3*x - 439. What is the highest common divisor of x and 29?
29
Suppose -74*p + 3381 - 865 = 0. Calculate the greatest common factor of p and 459.
17
Suppose 117*o = -1328 + 7997. Calculate the highest common divisor of o and 6213.
57
Suppose 5*s = -d + 113, 388 = 4*d + s + 3*s. Let i be (94 - 1)/((-99)/(-132)). Calculate the highest common factor of d and i.
31
Let l be 756/30 - ((-60)/36 - 56/(-30)). Calculate the greatest common divisor of l and 35.
5
Let a